 10. Let g = 9 + v. Suppose -a + 2*a = g. What is o(a)?
-1
Let h(b) = -2*b + 3. Let o = 1072 - 1069. Calculate h(o).
-3
Suppose 0 = 6*v - 2*v - 12. Suppose -5*x = -n - v*n - 12, -4*n = x - 12. Let a(h) = 3*h**3 + 2 - 4*h**2 - 2*h + 4*h + 0*h - h**3. Determine a(n).
6
Let c(t) = -t. Suppose 23 = -4*n - 19*n. Give c(n).
1
Let c(p) = 2*p**3 + p**2 + p - 5. Let m(a) = 9*a**3 + 5*a**2 + 4*a - 3. Let r(g) = -5*c(g) + m(g). Give r(0).
22
Let m(a) be the second derivative of -a**4/12 + a**3/3 - 3*a**2 - a - 8. Determine m(6).
-30
Suppose -6*o + 20 = 2*h - 2*o, -3*o = -3*h - 6. Let g(q) = 3*q**h - q**3 - 2*q**2 + 5*q**2 + 6 - 6*q + 0*q**2. Calculate g(5).
1
Suppose 8*i + 60 = 28*i. Let b(o) = -o**i + o - 15*o**2 + 8*o**3 + 14*o**2. Calculate b(1).
7
Let a(d) = d**3 - 7*d**2 - d - 8. Suppose 0 = -6*m + 2*m + 8. Let f(t) = -4*t**2 - 3 + 6*t**m + 4 - t**2. Let c(y) = -a(y) - 3*f(y). Determine c(5).
-15
Let v(x) be the third derivative of x**8/20160 - x**6/60 + x**5/4 - 36*x**2. Let z(b) be the third derivative of v(b). Determine z(0).
-12
Let q(t) = -2*t - 4. Let p = 12 - 1. Let c be p/(-77) - 20/7. Determine q(c).
2
Let o(l) = -l**2 + 8*l + 3. Let z(f) = 2*f**2 - 15*f - 7. Let r(i) = -11*o(i) - 6*z(i). Calculate r(4).
1
Let x(p) = p**3 - 2. Suppose 0 = -14*u + 8*u + 30. Suppose 4*n = -u*l - 17, -3*n + l - 1 = -6*n. Calculate x(n).
6
Let r(m) = 24*m**3 - 10*m**2 - m + 4. Let a(x) = -11*x**3 + 5*x**2 - 2. Let w(y) = 13*a(y) + 6*r(y). Calculate w(-6).
-2
Let o(q) = -q + 7. Suppose 0 = -4*g + 22*g - 180. Determine o(g).
-3
Let n(k) be the third derivative of 7*k**6/40 - k**5/60 + k**4/24 + 618*k**2. Calculate n(1).
21
Let q(s) = -s - 7. Let y be q(-5). Let b(r) = 1 - 9*r**3 - 2*r**2 + 10*r**3 + r**2. Calculate b(y).
-11
Let k(j) = j + 1. Let b(i) = 1. Suppose 8 = 3*u - 7. Let o(s) = u*b(s) - k(s). Let f be -1*(2 - (3 + -1)). What is o(f)?
4
Let u = 798 + -796. Let y(x) = -6*x + 5. Calculate y(u).
-7
Let o(m) = -14*m + 0*m + 10*m. Give o(6).
-24
Suppose -b = 4*m - 17, -4*b = 3*m - 25 - 4. Let y be -4 + (1 - (-3 - 0)). Let z(k) = y + 2 - 6 + 2 + 2*k. Calculate z(m).
4
Let g(p) = p**3 + 5*p**2 - p - 1. Let z be (-1)/3 + (-64)/(-12). Suppose 0 = 3*u + v + z + 15, 5*v = u - 20. Let b be g(u). Let m(d) = -d - 2. What is m(b)?
-6
Let x(u) = u**2 + u + 1. Let n be (4/(-3))/((-16)/24). Let y(z) = -z**n + z + 37*z**3 + 0 - 38*z**3 + 3. Let m(d) = -2*x(d) + y(d). What is m(-2)?
-1
Let k(z) be the first derivative of z**2/2 + 5*z + 2. Suppose 0 = 3*a + d + 25, 5*a + 742 - 703 = -d. Give k(a).
-2
Let r(w) = -w**3 + 8*w**2 - 8*w - 13. Suppose 39*d + 75 - 348 = 0. Calculate r(d).
-20
Let j(k) = -k**3 - 3*k**2 + 5*k - 1. Let m(p) = -5*p**2 + 45*p - 4. Let g be m(9). Give j(g).
-5
Let m(u) be the third derivative of -u**4/12 - 7*u**3/6 - 2*u**2. Let g(w) = -w**2 - 6*w + 2. Let v be g(-7). Calculate m(v).
3
Let z(d) = 8*d**3 - 31*d**3 + 8*d + 14*d**3 + 8*d**3 - 8 + 40*d**2 - 35*d**2. Suppose -4*t + 30 = -3*c, 0 = -2*c - 2 - 2. What is z(t)?
4
Let l be (-4)/(-14) + 46/(-14). Let v(u) = u**3 + 2*u**2 - 2*u + 7. Let p be v(-3). Let n(h) = 1 + 0 - h**3 - 2*h**2 - p*h + 4*h + 4*h. What is n(l)?
-2
Let h(p) = 4*p - 4*p - p + 10. Suppose 74 = 4*c - 5*m, 4*c = -0*c - 5*m + 54. Suppose 3*b + 2*y = 11, -3*y - c = -3*b - 4*y. Determine h(b).
3
Let n(y) = -7 + 12*y - 6*y - 2*y**2 + 3*y**2. Let z be n(0). Let v(u) = -u - 2. What is v(z)?
5
Suppose -4*t - 24 = 2*k, 2*t + 2*k + 12 = -0*k. Let b(c) be the second derivative of -c**3/6 + 3*c**2/2 + c. What is b(t)?
9
Let i(n) be the third derivative of -n**6/40 + n**5/15 - n**4/12 - 168*n**2. Determine i(2).
-12
Suppose -5*o = u - 14, -4*u + 0*u - 3*o = -5. Let d(h) be the third derivative of -h**6/30 + h**5/60 + h**4/24 + h**3/6 - 11*h**2. What is d(u)?
5
Let n(j) be the first derivative of -j**4/4 + 7*j**3/3 + 7*j**2/2 + 4*j - 1. Suppose 2*l = -3*k + 26, -6*k + 11 = -4*k - 5*l. What is n(k)?
-4
Let b(o) be the second derivative of 3*o**5/10 - o**4/6 + o**3/6 - o. Let g be 24/(-36) + (-10)/3. Let s be (g/16)/1*-4. Calculate b(s).
5
Let c(q) be the second derivative of q**5/20 - 5*q**4/12 + q**3/6 - q**2/2 - q. Let b be ((-15)/(-16))/(9/(-36))*-4. Suppose -13*u + 37 = -b. What is c(u)?
-13
Suppose -20 = -0*l + 5*l. Let h(p) be the second derivative of -p**5/40 - p**4/4 - p**3 + 8*p. Let z(i) be the second derivative of h(i). Give z(l).
6
Let a(n) = 6*n**2 - 4*n - 5. Suppose -q - 3*i = q - 13, 3*q - 11 = 4*i. Let w(d) = -6 + 1 - 3*d - d + q*d**2 + d. Let u(h) = 4*a(h) - 5*w(h). Calculate u(4).
-15
Let p(h) = -h**2 + 15*h - 16. Let d = 984 - 970. Give p(d).
-2
Let b(i) = -4*i + i + i**2 + 2*i + 4. Let j be (-5 - 2) + 4 + (4 - 1). Determine b(j).
4
Let f be (-2)/(-3) - (-7)/3. Let y(v) be the third derivative of v**6/120 - v**5/20 + v**4/12 + v**3/6 + 334*v**2 + 3*v. Determine y(f).
7
Let r(n) = n**3 - 5*n**2 + n - 5. Let q = 1021 + -1017. Calculate r(q).
-17
Let g(d) = -d**3 + 2*d**2 + 1. Let n(j) = j**3 + 2*j - 2*j - 3*j + 0*j. Let q be n(2). Give g(q).
1
Let a(g) = 6*g**3 - g**2 + 2*g - 1. Let m be (147/35)/(2/(-10)). Let c = m - -22. Let r(s) = s. Let k be r(c). Determine a(k).
6
Let k(l) = -1 - 6*l**2 + 4*l - 2*l**2 + 4*l + 9*l**2. Give k(-7).
-8
Let z(u) = 45*u**2 + 9 - 44*u**2 + 0*u - 8*u + u. Give z(8).
17
Let w(l) be the third derivative of l**6/120 + l**5/12 - 5*l**3/6 - 5*l**2. Suppose 24 = -5*r + u + 1, -3*r = 3*u + 21. Determine w(r).
-5
Let g(l) = -l**2 - 1. Let p(v) = -5*v**2 - 4*v - 8. Let u(f) = -4*g(f) + p(f). Let t(q) = 1. Let k(m) = -2*t(m) - u(m). What is k(-2)?
-2
Let v(s) = -8*s - 4. Suppose 0 = 3*a - i + 15, 15 = -5*a + 2*a + 4*i. Let c(m) = 16*m + 7. Let x(f) = a*v(f) - 3*c(f). What is x(-1)?
7
Let p(m) be the first derivative of m**5/120 - m**4/4 - 20*m**3/3 + 19. Let y(a) be the third derivative of p(a). Calculate y(6).
0
Suppose 3*g = 6*g - 6. Suppose 2*a + g*a + 35 = 3*q, 4*a + 25 = q. Let m(y) = 0*y**2 + y**2 - 2*y + 2 - 3. Determine m(q).
14
Let m(s) be the third derivative of -s**5/20 - s**4/6 + 5*s**3/6 - 558*s**2. What is m(2)?
-15
Suppose 67*u = 64*u + 18. Let a(i) = -i + 9. Determine a(u).
3
Let d(y) = 102*y + y**3 - 1 + 91*y - 195*y. What is d(2)?
3
Let x(h) = 11*h - 8 + h**2 + 9*h**2 - 3 - 9*h**2. Calculate x(-10).
-21
Let x be (-16 - -10)*5/5. Let b(a) = -a**2 + a - 7. Calculate b(x).
-49
Suppose -52*q + 47*q + 10 = 0. Let i(l) = -l**2 - 3 + 6*l + q + 6. Calculate i(8).
-11
Suppose -2*w = -a - 4*w, -5*w - 9 = -2*a. Let h(n) = -7*n**2 - 2*n. Determine h(a).
-32
Let f(x) = -5*x + 39. Let y be f(11). Let o(h) = h**2 + 18*h + 28. Determine o(y).
-4
Let l(g) be the third derivative of g**4/24 + 5*g**3/2 - 509*g**2. Determine l(-12).
3
Suppose 5*n = -4 + 139. Suppose -5*y = -5*b + 20, -2*y = -0*y + 5*b - n. Let r(f) = 4 + 9 - 9*f**3 - 12 + f**3. Give r(y).
-7
Let r be (-32)/56 + 117/21. Suppose 0 = r*u - u - 128. Let k = 27 - u. Let o(z) = -z**3 - 5*z**2 - 2*z + 6. Calculate o(k).
16
Let p(i) be the second derivative of -11*i**5/20 - 89*i. Give p(1).
-11
Let n(b) = b + 7. Suppose 3*a + a + 28 = 0. Let g be n(a). Let d(w) = g*w**3 + 4*w - w**3 + 2*w**3 + 0*w**3 + 5*w**2. Give d(-3).
6
Suppose 5*j + 35 = -5*l, 3*l - 5 = j - 6. Let o(k) = k**3 + 4*k**2 - 4*k - 1. Give o(j).
-6
Let f(o) = -14*o + 7. Let m(t) = -22*t + 8. Let r(s) = 3*f(s) - 2*m(s). Calculate r(5).
15
Let g(s) be the second derivative of -s**5/20 - s**4/4 - 2*s**2 + 2*s - 42. Let r(i) = -i**2 + 4*i + 2. Let f be r(5). What is g(f)?
-4
Let w(z) be the second derivative of -2*z**3/3 - z**2/2 - 103*z. What is w(-2)?
7
Let f = 5 + -2. Let q(d) be the second derivative of d**4/12 - d**3/2 - d**2 - 6*d. Give q(f).
-2
Let w(x) = 13*x**3 - 58*x**2 + 5*x - 65. Let d(p) = -3*p**3 + 14*p**2 - p + 16. Let a(f) = 9*d(f) + 2*w(f). Give a(10).
24
Suppose -17*y = 3*j + 65, 14 = -4*y - 51*j + 49*j. Let x be (-2)/3*30/(-4). Let v(l) = -4 + 0*l - x*l + 3*l. Calculate v(y).
4
Let q(v) = -v**2 + 10*v - 2. Let w be q(10). Let p be (-14)/(-6) - w/3. Suppose -p*u = u - 24. Let c(d) = d**3 - 7*d**2 + 7*d - 5. Determine c(u).
1
Suppose -5*a + 52 - 42 = 0. Let d(y) = -4*y + 3*y + a*y + 4 + 2*y. Determine d(-5).
-11
Let x(u) = 6*u + 3. Let n = -645 + 640. What is x(n)?
-27
Let k(g) = -4 - 282*g**2 - 288*g**2 + 0 + 2*g + 572*g**2. Calculate k(3).
20
Let o(k) be the first deri